{"id":66,"date":"2022-11-07T18:45:41","date_gmt":"2022-11-07T17:45:41","guid":{"rendered":"https:\/\/www.sammlung-klee.de\/?page_id=66"},"modified":"2024-11-27T14:28:38","modified_gmt":"2024-11-27T13:28:38","slug":"impressum","status":"publish","type":"page","link":"https:\/\/www.sammlung-klee.de\/en\/impressum\/","title":{"rendered":"imprint"},"content":{"rendered":"<p>sammlung klee<\/p>\n\n\n\n<p>responsible for the content<\/p>\n\n\n\n<p>Beying + Metz GbR<\/p>\n\n\n\n<p>Architect Dipl.-Ing. Yvonne Beying<br>Dipl.-Ing.(FH) Florian Metz<\/p>\n\n\n\n<p>Pilgersheimer Str. 2<br>81543 M\u00fcnchen<br>UST-IdNr.: DE337535854<\/p>\n\n\n\n<p><a href=\"mailto:mail@sammlung-klee.de\">mail(at)sammlung-klee.de<\/a><\/p>\n\n\n\n<p>webdesign: sammlung klee<br><\/p>\n\n\n\n<p><br><br>Professional Legal Information<br>The architects are members of the Baden-W\u00fcrttemberg Chamber of Architects, Danneckerstra\u00dfe 54, D-70182 Stuttgart. The entitlement to bear the professional designation \u00bbArchitect\u00ab results from their registration in the list of architects kept by the Baden-W\u00fcrttemberg Chamber of Architects (Federal Republic of Germany). Professional Regulations Architects\u2019 Act of Baden-W\u00fcrttemberg and the professional code can be viewed, for example, via the website of the Baden-W\u00fcrttemberg Chamber of Architects<br>www.akbw.de\/download\/architektengesetz.pdf<br>www.akbw.de\/download\/berufsordnung.pdf<\/p>","protected":false},"excerpt":{"rendered":"<p>sammlung klee verantwortlich f\u00fcr die Inhalte Beying + Metz GbR Architect Dipl.-Ing. Yvonne BeyingDipl.-Ing.(FH) Florian Metz Pilgersheimer Str. 281543 M\u00fcnchenUST-IdNr.: DE337535854 mail(at)sammlung-klee.de webdesign: sammlung klee Rechtliche InformationenDie Architekten sind Mitglieder der Architektenkammer Baden-W\u00fcrttemberg, Danneckerstra\u00dfe 54, D-70182 Stuttgart. Das Recht zur F\u00fchrung der Berufsbezeichnung \u201eArchitekt\u201c ergibt sich aus der Eintragung in die Architektenliste der Architektenkammer Baden-W\u00fcrttemberg [&hellip;]<\/p>","protected":false},"author":1,"featured_media":0,"parent":0,"menu_order":0,"comment_status":"closed","ping_status":"closed","template":"","meta":{"_acf_changed":false,"footnotes":""},"class_list":["post-66","page","type-page","status-publish","hentry"],"acf":[],"yoast_head":"<!-- This site is optimized with the Yoast SEO plugin v27.5 - https:\/\/yoast.com\/product\/yoast-seo-wordpress\/ -->\n<title>impressum | sammlung klee<\/title>\n<meta name=\"robots\" content=\"index, follow, max-snippet:-1, max-image-preview:large, max-video-preview:-1\" \/>\n<link rel=\"canonical\" href=\"https:\/\/www.sammlung-klee.de\/en\/impressum\/\" \/>\n<meta property=\"og:locale\" content=\"en_GB\" \/>\n<meta property=\"og:type\" content=\"article\" \/>\n<meta property=\"og:title\" content=\"impressum | sammlung klee\" \/>\n<meta property=\"og:description\" content=\"sammlung klee verantwortlich f\u00fcr die Inhalte Beying + Metz GbR Architect Dipl.-Ing. Yvonne BeyingDipl.-Ing.(FH) Florian Metz Pilgersheimer Str. 281543 M\u00fcnchenUST-IdNr.: DE337535854 mail(at)sammlung-klee.de webdesign: sammlung klee Rechtliche InformationenDie Architekten sind Mitglieder der Architektenkammer Baden-W\u00fcrttemberg, Danneckerstra\u00dfe 54, D-70182 Stuttgart. Das Recht zur F\u00fchrung der Berufsbezeichnung \u201eArchitekt\u201c ergibt sich aus der Eintragung in die Architektenliste der Architektenkammer Baden-W\u00fcrttemberg [&hellip;]\" \/>\n<meta property=\"og:url\" content=\"https:\/\/www.sammlung-klee.de\/en\/impressum\/\" \/>\n<meta property=\"og:site_name\" content=\"sammlung klee\" \/>\n<meta property=\"article:modified_time\" content=\"2024-11-27T13:28:38+00:00\" \/>\n<meta property=\"og:image\" content=\"https:\/\/www.sammlung-klee.de\/wp-content\/uploads\/cropped-sammlung_klee_logo-1-1536x364-1-1.png\" \/>\n\t<meta property=\"og:image:width\" content=\"1536\" \/>\n\t<meta property=\"og:image:height\" content=\"364\" \/>\n\t<meta property=\"og:image:type\" content=\"image\/png\" \/>\n<meta name=\"twitter:card\" content=\"summary_large_image\" \/>\n<meta name=\"twitter:label1\" content=\"Estimated reading time\" \/>\n\t<meta name=\"twitter:data1\" content=\"1 minute\" \/>\n<script type=\"application\/ld+json\" class=\"yoast-schema-graph\">{\"@context\":\"https:\\\/\\\/schema.org\",\"@graph\":[{\"@type\":\"WebPage\",\"@id\":\"https:\\\/\\\/www.sammlung-klee.de\\\/impressum\\\/\",\"url\":\"https:\\\/\\\/www.sammlung-klee.de\\\/impressum\\\/\",\"name\":\"impressum | sammlung klee\",\"isPartOf\":{\"@id\":\"https:\\\/\\\/www.sammlung-klee.de\\\/#website\"},\"datePublished\":\"2022-11-07T17:45:41+00:00\",\"dateModified\":\"2024-11-27T13:28:38+00:00\",\"breadcrumb\":{\"@id\":\"https:\\\/\\\/www.sammlung-klee.de\\\/impressum\\\/#breadcrumb\"},\"inLanguage\":\"en-GB\",\"potentialAction\":[{\"@type\":\"ReadAction\",\"target\":[\"https:\\\/\\\/www.sammlung-klee.de\\\/impressum\\\/\"]}]},{\"@type\":\"BreadcrumbList\",\"@id\":\"https:\\\/\\\/www.sammlung-klee.de\\\/impressum\\\/#breadcrumb\",\"itemListElement\":[{\"@type\":\"ListItem\",\"position\":1,\"name\":\"Home\",\"item\":\"https:\\\/\\\/www.sammlung-klee.de\\\/\"},{\"@type\":\"ListItem\",\"position\":2,\"name\":\"impressum\"}]},{\"@type\":\"WebSite\",\"@id\":\"https:\\\/\\\/www.sammlung-klee.de\\\/#website\",\"url\":\"https:\\\/\\\/www.sammlung-klee.de\\\/\",\"name\":\"sammlung klee\",\"description\":\"architektur visualisierung\",\"publisher\":{\"@id\":\"https:\\\/\\\/www.sammlung-klee.de\\\/#organization\"},\"potentialAction\":[{\"@type\":\"SearchAction\",\"target\":{\"@type\":\"EntryPoint\",\"urlTemplate\":\"https:\\\/\\\/www.sammlung-klee.de\\\/?s={search_term_string}\"},\"query-input\":{\"@type\":\"PropertyValueSpecification\",\"valueRequired\":true,\"valueName\":\"search_term_string\"}}],\"inLanguage\":\"en-GB\"},{\"@type\":\"Organization\",\"@id\":\"https:\\\/\\\/www.sammlung-klee.de\\\/#organization\",\"name\":\"sammlung klee\",\"url\":\"https:\\\/\\\/www.sammlung-klee.de\\\/\",\"logo\":{\"@type\":\"ImageObject\",\"inLanguage\":\"en-GB\",\"@id\":\"https:\\\/\\\/www.sammlung-klee.de\\\/#\\\/schema\\\/logo\\\/image\\\/\",\"url\":\"https:\\\/\\\/www.sammlung-klee.de\\\/wp-content\\\/uploads\\\/cropped-sammlung_klee_logo-1-1536x364-1-1.png\",\"contentUrl\":\"https:\\\/\\\/www.sammlung-klee.de\\\/wp-content\\\/uploads\\\/cropped-sammlung_klee_logo-1-1536x364-1-1.png\",\"width\":1536,\"height\":364,\"caption\":\"sammlung klee\"},\"image\":{\"@id\":\"https:\\\/\\\/www.sammlung-klee.de\\\/#\\\/schema\\\/logo\\\/image\\\/\"},\"sameAs\":[\"https:\\\/\\\/www.instagram.com\\\/sammlungklee\\\/\"]}]}<\/script>\n<!-- \/ Yoast SEO plugin. -->","yoast_head_json":{"title":"impressum | sammlung klee","robots":{"index":"index","follow":"follow","max-snippet":"max-snippet:-1","max-image-preview":"max-image-preview:large","max-video-preview":"max-video-preview:-1"},"canonical":"https:\/\/www.sammlung-klee.de\/en\/impressum\/","og_locale":"en_GB","og_type":"article","og_title":"impressum | sammlung klee","og_description":"sammlung klee verantwortlich f\u00fcr die Inhalte Beying + Metz GbR Architect Dipl.-Ing. Yvonne BeyingDipl.-Ing.(FH) Florian Metz Pilgersheimer Str. 281543 M\u00fcnchenUST-IdNr.: DE337535854 mail(at)sammlung-klee.de webdesign: sammlung klee Rechtliche InformationenDie Architekten sind Mitglieder der Architektenkammer Baden-W\u00fcrttemberg, Danneckerstra\u00dfe 54, D-70182 Stuttgart. Das Recht zur F\u00fchrung der Berufsbezeichnung \u201eArchitekt\u201c ergibt sich aus der Eintragung in die Architektenliste der Architektenkammer Baden-W\u00fcrttemberg [&hellip;]","og_url":"https:\/\/www.sammlung-klee.de\/en\/impressum\/","og_site_name":"sammlung klee","article_modified_time":"2024-11-27T13:28:38+00:00","og_image":[{"width":1536,"height":364,"url":"https:\/\/www.sammlung-klee.de\/wp-content\/uploads\/cropped-sammlung_klee_logo-1-1536x364-1-1.png","type":"image\/png"}],"twitter_card":"summary_large_image","twitter_misc":{"Estimated reading time":"1 minute"},"schema":{"@context":"https:\/\/schema.org","@graph":[{"@type":"WebPage","@id":"https:\/\/www.sammlung-klee.de\/impressum\/","url":"https:\/\/www.sammlung-klee.de\/impressum\/","name":"impressum | sammlung klee","isPartOf":{"@id":"https:\/\/www.sammlung-klee.de\/#website"},"datePublished":"2022-11-07T17:45:41+00:00","dateModified":"2024-11-27T13:28:38+00:00","breadcrumb":{"@id":"https:\/\/www.sammlung-klee.de\/impressum\/#breadcrumb"},"inLanguage":"en-GB","potentialAction":[{"@type":"ReadAction","target":["https:\/\/www.sammlung-klee.de\/impressum\/"]}]},{"@type":"BreadcrumbList","@id":"https:\/\/www.sammlung-klee.de\/impressum\/#breadcrumb","itemListElement":[{"@type":"ListItem","position":1,"name":"Home","item":"https:\/\/www.sammlung-klee.de\/"},{"@type":"ListItem","position":2,"name":"impressum"}]},{"@type":"WebSite","@id":"https:\/\/www.sammlung-klee.de\/#website","url":"https:\/\/www.sammlung-klee.de\/","name":"sammlung klee","description":"architektur visualisierung","publisher":{"@id":"https:\/\/www.sammlung-klee.de\/#organization"},"potentialAction":[{"@type":"SearchAction","target":{"@type":"EntryPoint","urlTemplate":"https:\/\/www.sammlung-klee.de\/?s={search_term_string}"},"query-input":{"@type":"PropertyValueSpecification","valueRequired":true,"valueName":"search_term_string"}}],"inLanguage":"en-GB"},{"@type":"Organization","@id":"https:\/\/www.sammlung-klee.de\/#organization","name":"sammlung klee","url":"https:\/\/www.sammlung-klee.de\/","logo":{"@type":"ImageObject","inLanguage":"en-GB","@id":"https:\/\/www.sammlung-klee.de\/#\/schema\/logo\/image\/","url":"https:\/\/www.sammlung-klee.de\/wp-content\/uploads\/cropped-sammlung_klee_logo-1-1536x364-1-1.png","contentUrl":"https:\/\/www.sammlung-klee.de\/wp-content\/uploads\/cropped-sammlung_klee_logo-1-1536x364-1-1.png","width":1536,"height":364,"caption":"sammlung klee"},"image":{"@id":"https:\/\/www.sammlung-klee.de\/#\/schema\/logo\/image\/"},"sameAs":["https:\/\/www.instagram.com\/sammlungklee\/"]}]}},"_links":{"self":[{"href":"https:\/\/www.sammlung-klee.de\/en\/wp-json\/wp\/v2\/pages\/66","targetHints":{"allow":["GET"]}}],"collection":[{"href":"https:\/\/www.sammlung-klee.de\/en\/wp-json\/wp\/v2\/pages"}],"about":[{"href":"https:\/\/www.sammlung-klee.de\/en\/wp-json\/wp\/v2\/types\/page"}],"author":[{"embeddable":true,"href":"https:\/\/www.sammlung-klee.de\/en\/wp-json\/wp\/v2\/users\/1"}],"replies":[{"embeddable":true,"href":"https:\/\/www.sammlung-klee.de\/en\/wp-json\/wp\/v2\/comments?post=66"}],"version-history":[{"count":4,"href":"https:\/\/www.sammlung-klee.de\/en\/wp-json\/wp\/v2\/pages\/66\/revisions"}],"predecessor-version":[{"id":552,"href":"https:\/\/www.sammlung-klee.de\/en\/wp-json\/wp\/v2\/pages\/66\/revisions\/552"}],"wp:attachment":[{"href":"https:\/\/www.sammlung-klee.de\/en\/wp-json\/wp\/v2\/media?parent=66"}],"curies":[{"name":"wp","href":"https:\/\/api.w.org\/{rel}","templated":true}]}}

<p>sammlung klee</p>



<p>responsible for the content</p>



<p>Beying + Metz GbR</p>



<p>Architect Dipl.-Ing. Yvonne Beying<br>Dipl.-Ing.(FH) Florian Metz</p>



<p>Pilgersheimer Str. 2<br>81543 München<br>UST-IdNr.: DE337535854</p>



<p><a href="mailto:mail@sammlung-klee.de">mail(at)sammlung-klee.de</a></p>



<p>webdesign: sammlung klee<br></p>



<p><br><br>Professional Legal Information<br>The architects are members of the Baden-Württemberg Chamber of Architects, Danneckerstraße 54, D-70182 Stuttgart. The entitlement to bear the professional designation »Architect« results from their registration in the list of architects kept by the Baden-Württemberg Chamber of Architects (Federal Republic of Germany). Professional Regulations Architects’ Act of Baden-Württemberg and the professional code can be viewed, for example, via the website of the Baden-Württemberg Chamber of Architects<br>www.akbw.de/download/architektengesetz.pdf<br>www.akbw.de/download/berufsordnung.pdf</p>

<p>sammlung klee verantwortlich für die Inhalte Beying + Metz GbR Architect Dipl.-Ing. Yvonne BeyingDipl.-Ing.(FH) Florian Metz Pilgersheimer Str. 281543 MünchenUST-IdNr.: DE337535854 mail(at)sammlung-klee.de webdesign: sammlung klee Rechtliche InformationenDie Architekten sind Mitglieder der Architektenkammer Baden-Württemberg, Danneckerstraße 54, D-70182 Stuttgart. Das Recht zur Führung der Berufsbezeichnung „Architekt“ ergibt sich aus der Eintragung in die Architektenliste der Architektenkammer Baden-Württemberg [&hellip;]</p>

<!-- This site is optimized with the Yoast SEO plugin v27.5 - https://yoast.com/product/yoast-seo-wordpress/ -->
<title>impressum | sammlung klee</title>
<meta name="robots" content="index, follow, max-snippet:-1, max-image-preview:large, max-video-preview:-1" />
<link rel="canonical" href="https://www.sammlung-klee.de/en/impressum/" />
<meta property="og:locale" content="en_GB" />
<meta property="og:type" content="article" />
<meta property="og:title" content="impressum | sammlung klee" />
<meta property="og:description" content="sammlung klee verantwortlich für die Inhalte Beying + Metz GbR Architect Dipl.-Ing. Yvonne BeyingDipl.-Ing.(FH) Florian Metz Pilgersheimer Str. 281543 MünchenUST-IdNr.: DE337535854 mail(at)sammlung-klee.de webdesign: sammlung klee Rechtliche InformationenDie Architekten sind Mitglieder der Architektenkammer Baden-Württemberg, Danneckerstraße 54, D-70182 Stuttgart. Das Recht zur Führung der Berufsbezeichnung „Architekt“ ergibt sich aus der Eintragung in die Architektenliste der Architektenkammer Baden-Württemberg [&hellip;]" />
<meta property="og:url" content="https://www.sammlung-klee.de/en/impressum/" />
<meta property="og:site_name" content="sammlung klee" />
<meta property="article:modified_time" content="2024-11-27T13:28:38+00:00" />
<meta property="og:image" content="https://www.sammlung-klee.de/wp-content/uploads/cropped-sammlung_klee_logo-1-1536x364-1-1.png" />
	<meta property="og:image:width" content="1536" />
	<meta property="og:image:height" content="364" />
	<meta property="og:image:type" content="image/png" />
<meta name="twitter:card" content="summary_large_image" />
<meta name="twitter:label1" content="Estimated reading time" />
	<meta name="twitter:data1" content="1 minute" />
<script type="application/ld+json" class="yoast-schema-graph">{"@context":"https:\/\/schema.org","@graph":[{"@type":"WebPage","@id":"https:\/\/www.sammlung-klee.de\/impressum\/","url":"https:\/\/www.sammlung-klee.de\/impressum\/","name":"impressum | sammlung klee","isPartOf":{"@id":"https:\/\/www.sammlung-klee.de\/#website"},"datePublished":"2022-11-07T17:45:41+00:00","dateModified":"2024-11-27T13:28:38+00:00","breadcrumb":{"@id":"https:\/\/www.sammlung-klee.de\/impressum\/#breadcrumb"},"inLanguage":"en-GB","potentialAction":[{"@type":"ReadAction","target":["https:\/\/www.sammlung-klee.de\/impressum\/"]}]},{"@type":"BreadcrumbList","@id":"https:\/\/www.sammlung-klee.de\/impressum\/#breadcrumb","itemListElement":[{"@type":"ListItem","position":1,"name":"Home","item":"https:\/\/www.sammlung-klee.de\/"},{"@type":"ListItem","position":2,"name":"impressum"}]},{"@type":"WebSite","@id":"https:\/\/www.sammlung-klee.de\/#website","url":"https:\/\/www.sammlung-klee.de\/","name":"sammlung klee","description":"architektur visualisierung","publisher":{"@id":"https:\/\/www.sammlung-klee.de\/#organization"},"potentialAction":[{"@type":"SearchAction","target":{"@type":"EntryPoint","urlTemplate":"https:\/\/www.sammlung-klee.de\/?s={search_term_string}"},"query-input":{"@type":"PropertyValueSpecification","valueRequired":true,"valueName":"search_term_string"}}],"inLanguage":"en-GB"},{"@type":"Organization","@id":"https:\/\/www.sammlung-klee.de\/#organization","name":"sammlung klee","url":"https:\/\/www.sammlung-klee.de\/","logo":{"@type":"ImageObject","inLanguage":"en-GB","@id":"https:\/\/www.sammlung-klee.de\/#\/schema\/logo\/image\/","url":"https:\/\/www.sammlung-klee.de\/wp-content\/uploads\/cropped-sammlung_klee_logo-1-1536x364-1-1.png","contentUrl":"https:\/\/www.sammlung-klee.de\/wp-content\/uploads\/cropped-sammlung_klee_logo-1-1536x364-1-1.png","width":1536,"height":364,"caption":"sammlung klee"},"image":{"@id":"https:\/\/www.sammlung-klee.de\/#\/schema\/logo\/image\/"},"sameAs":["https:\/\/www.instagram.com\/sammlungklee\/"]}]}</script>
<!-- / Yoast SEO plugin. -->

sammlung klee verantwortlich für die Inhalte Beying + Metz GbR Architect Dipl.-Ing. Yvonne BeyingDipl.-Ing.(FH) Florian Metz Pilgersheimer Str. 281543 MünchenUST-IdNr.: DE337535854 mail(at)sammlung-klee.de webdesign: sammlung klee Rechtliche InformationenDie Architekten sind Mitglieder der Architektenkammer Baden-Württemberg, Danneckerstraße 54, D-70182 Stuttgart. Das Recht zur Führung der Berufsbezeichnung „Architekt“ ergibt sich aus der Eintragung in die Architektenliste der Architektenkammer Baden-Württemberg [&hellip;]
